le of 154?
False
Is 143344 a multiple of 527?
True
Does 58 divide 136613?
False
Is 239532 a multiple of 6?
True
Is 38 a factor of 904780?
True
Does 42 divide 66514?
False
Does 130 divide 29510?
True
Does 36 divide 543952?
False
Is 2 a factor of 157261?
False
Is 2443518 a multiple of 14?
True
Does 41 divide 89749?
True
Is 554 a factor of 5321724?
True
Does 282 divide 3535646?
False
Does 3 divide 150694?
False
Is 2 a factor of 57955?
False
Is 85944 a multiple of 12?
True
Is 219420 a multiple of 230?
True
Is 34 a factor of 7792222?
True
Is 17 a factor of 481559?
True
Is 325206 a multiple of 174?
True
Does 495 divide 14695560?
True
Is 286 a factor of 475675?
False
Is 2897993 a multiple of 246?
False
Is 6 a factor of 5868270?
True
Is 254 a factor of 3080233?
False
Is 1329078 a multiple of 23?
True
Is 893941 a multiple of 15?
False
Does 138 divide 16008?
True
Is 389104 a multiple of 64?
False
Is 13 a factor of 173433?
True
Does 16 divide 239744?
True
Is 480225 a multiple of 15?
True
Is 138096 a multiple of 233?
False
Does 386 divide 65944?
False
Is 5347329 a multiple of 507?
True
Is 76160 a multiple of 20?
True
Is 6920172 a multiple of 196?
True
Does 8 divide 1883808?
True
Is 27 a factor of 471933?
True
Does 118 divide 231697?
False
Is 16 a factor of 86528?
True
Is 70 a factor of 142660?
True
Is 102219 a multiple of 2?
False
Does 12 divide 412900?
False
Is 14 a factor of 58520?
True
Is 1208445 a multiple of 627?
False
Does 9 divide 164287?
False
Does 176 divide 1898688?
True
Is 305 a factor of 289937?
False
Is 195110 a multiple of 10?
True
Does 1563 divide 5390787?
True
Is 16 a factor of 2786197?
False
Does 12 divide 301344?
True
Does 47 divide 398466?
True
Is 962 a factor of 2426164?
True
Does 19 divide 255267?
False
Does 347 divide 133205?
False
Does 48 divide 49152?
True
Does 70 divide 60480?
True
Is 60 a factor of 2156040?
True
Is 71 a factor of 199399?
False
Does 7 divide 13233941?
True
Does 165 divide 207454?
False
Does 111 divide 173729?
False
Does 13 divide 139763?
True
Is 2086488 a multiple of 44?
False
Is 690 a factor of 1479360?
True
Is 194258 a multiple of 23?
True
Is 83 a factor of 1112554?
False
Is 39877279 a multiple of 14?
False
Does 12 divide 8399?
False
Is 759 a factor of 886512?
True
Does 18 divide 2047304?
False
Is 3864 a multiple of 2?
True
Is 39 a factor of 36558?
False
Is 1539735 a multiple of 345?
True
Is 67284 a multiple of 89?
True
Does 186 divide 1941840?
True
Does 29 divide 1984151?
True
Does 33 divide 1064411?
False
Does 979 divide 2461379?
False
Does 224 divide 173584?
False
Is 73 a factor of 1051054?
True
Is 28 a factor of 3737629?
False
Is 4374457 a multiple of 13?
False
Is 10 a factor of 16837?
False
Does 15 divide 198071?
False
Is 98 a factor of 262480?
False
Does 152 divide 1162899?
False
Is 93495 a multiple of 69?
True
Is 44 a factor of 919980?
False
Does 16 divide 407952?
True
Is 7561304 a multiple of 1096?
True
Is 12 a factor of 1377168?
True
Is 407925 a multiple of 35?
True
Does 5 divide 1795?
True
Is 5932920 a multiple of 1208?
False
Is 10 a factor of 539850?
True
Does 4 divide 9500051?
False
Does 335 divide 7310044?
False
Is 15912 a multiple of 68?
True
Is 36 a factor of 1622004?
False
Is 432287 a multiple of 17?
False
Is 16 a factor of 15520?
True
Does 39 divide 1045232?
False
Is 109 a factor of 1228282?
False
Does 175 divide 3425450?
True
Does 371 divide 1269415?
False
Does 13 divide 2007941?
True
Does 4 divide 406130?
False
Is 40 a factor of 384400?
True
Is 5085420 a multiple of 1353?
False
Is 215622 a multiple of 18?
True
Is 46 a factor of 543517?
False
Is 15848100 a multiple of 25?
True
Does 492 divide 5504004?
True
Is 2528131 a multiple of 378?
False
Is 387094 a multiple of 67?
False
Does 10 divide 1649651?
False
Does 131 divide 1390267?
False
Is 235550 a multiple of 50?
True
Is 7233465 a multiple of 627?
False
Does 38 divide 6651102?
True
Does 29 divide 325264?
True
Does 202 divide 303404?
True
Is 19340785 a multiple of 836?
False
Does 11 divide 33726?
True
Is 9 a factor of 2180254?
False
Is 148410 a multiple of 170?
True
Does 130 divide 303940?
True
Does 7 divide 33999?
True
Is 62 a factor of 217000?
True
Is 222 a factor of 84917?
False
Is 3202780 a multiple of 23?
False
Is 2648638 a multiple of 893?
True
Does 3 divide 6182?
False
Is 1021375 a multiple of 12?
False
Does 7 divide 10081?
False
Is 1325376 a multiple of 78?
True
Is 21 a factor of 8190?
True
Is 36 a factor of 171654?
False
Does 138 divide 68583?
False
Does 97 divide 78428?
False
Is 84672 a multiple of 392?
True
Is 925040 a multiple of 80?
True
Does 61 divide 172988?
False
Is 1252802 a multiple of 166?
True
Does 24 divide 360528?
True
Is 1028 a factor of 2990452?
True
Does 15 divide 929415?
True
Does 2 divide 245812?
True
Is 835656 a multiple of 105?
False
Is 57824 a multiple of 208?
True
Is 77270 a multiple of 5?
True
Is 198 a factor of 146284?
False
Is 125624 a multiple of 82?
True
Does 14 divide 1309897?
False
Is 11 a factor of 530904?
True
Does 4 divide 4370?
False
Is 63896 a multiple of 11?
False
Does 5 divide 31530?
True
Does 34 divide 11798?
True
Is 3204 a multiple of 18?
True
Is 81533 a multiple of 9?
False
Is 26 a factor of 49283?
False
Is 571482 a multiple of 54?
True
Is 531926 a multiple of 32?
False
Is 13 a factor of 6711483?
False
Does 131 divide 98766?
False
Is 6699840 a multiple of 28?
True
Is 587 a factor of 2141376?
True
Is 312158 a multiple of 10?
False
Does 26 divide 514618?
True
Is 18 a factor of 359262?
True
Is 394 a factor of 21495064?
True
Does 141 divide 2438313?
True
Is 234 a factor of 823203?
False
Is 1117277 a multiple of 19?
False
Does 19 divide 571482?
True
Does 302 divide 10624964?
True
Is 271855 a multiple of 9?
False
Does 24 divide 17971968?
True
Does 152 divide 59128?
True
Is 1394573 a multiple of 3?
False
Is 859209 a multiple of 13?
True
Is 121 a factor of 4348135?
True
Is 46 a factor of 777170?
True
Is 433356 a multiple of 72?
False
Is 18 a factor of 3017070?
True
Does 210 divide 291480?
True
Does 76 divide 1012776?
True
Does 12 divide 391140?
True
Is 1284 a factor of 1076901?
False
Is 5252480 a multiple of 10?
True
Is 122 a factor of 668068?
False
Does 3 divide 24552?
True
Is 309 a factor of 1882119?
True
Does 285 divide 56430?
True
Does 46 divide 1119364?
True
Is 1257730 a multiple of 2?
True
Does 102 divide 462366?
True
Is 39 a factor of 2855112?
True
Is 2 a factor of 784?
True
Does 207 divide 427957?
False
Does 26 divide 403528?
False
Is 35 a factor of 1925050?
False
Is 68 a factor of 93160?
True
Is 342727 a multiple of 7?
True
Is 588348 a multiple of 6?
True
Is 143 a factor of 1995393?
False
Is 8 a factor of 22457?
False
Does 124 divide 535432?
True
Is 2925272 a multiple of 56?
True
Does 17 divide 748?
True
Is 11 a factor of 6967917?
True
Is 35 a factor of 236982?
False
Does 2 divide 509477?
False
Is 142 a factor of 1033562?
False
Does 13 divide 1639742?
True
Does 14 divide 1541470?
True
Does 36 divide 82048?
False
Is 1392820 a multiple of 55?
True
Is 22 a factor of 314710?
True
Does 145 divide 1820910?
True
Is 4479944 a multiple of 14?
True
Is 22 a factor of 67892?
True
Is 13210838 a multiple of 510?
False
Is 18 a factor of 48052?
False
Is 622756 a multiple of 351?
False
Is 272 a factor of 16367872?
True
Does 179 divide 271851?
False
Does 16 divide 326203?
False
Is 91 a factor of 2184?
True
Is 44022 a multiple of 69?
True
Is 193 a factor of 19332527?
False
Is 60120 a multiple of 11?
False
Does 53 divide 117396?
False
Is 273439 a multiple of 17?
False
Is 182 a factor of 1289470?
True
Is 512831 a multiple of 50?
False
Is 73 a factor of 753582?
False
Is 161 a factor of 189874?
False
Is 9848779 a multiple of 12?
False
Does 22 divide 245131?
False
Is 26 a factor of 329654?
True
Does 17 divide 188156?
True
Is 1423228 a multiple of 27?
False
Is 488692 a multiple of 106?
False
Does 53 divide 17442?
False
Is 304209 a multiple of 27?
True
Is 3451583 a multiple of 499?
True
Is 127 a factor of 163720?
False
Does 1163 divide 5849890?
True
Is 349 a factor of 398569?
False
Is 136 a factor of 11815000?
True
Does 8 divide 115968?
True
Is 1175 a factor of 3293122?
False
Does 159 divide 291288?
True
Is 87498 a multiple of 3?
True
Does 143 divide 37371?
False
Does 302 divide 1722658?
False
Does 2 divide 398641?
Fal